hat is the highest common divisor of 174 and y?
6
Suppose -x - 1 = -5*o - 38, -2*x = -4*o - 44. Let h be -2 + -1*86*-1. Calculate the greatest common factor of x and h.
12
Let b be (25/50)/(2/12). Calculate the greatest common factor of 27 and b.
3
Let s(k) = -66*k - 12. Let m be s(-4). Calculate the greatest common divisor of 56 and m.
28
Let c(u) = -28*u. Suppose 4 - 3 = -s. Let y be c(s). Suppose 3*z - 8 - 13 = 0. What is the highest common factor of y and z?
7
Let b(l) = -l**2 + 10*l + 246. Let x be b(-10). Calculate the highest common factor of x and 69.
23
Suppose -3*o + 3997 = -2048. What is the greatest common factor of o and 65?
65
Let a = 227 + -132. Let j = a - 26. Suppose 4*w - j = 47. What is the greatest common factor of 203 and w?
29
Let w(r) = -r + 52. Let c be w(-2). What is the greatest common divisor of c and 1242?
54
Let g(k) = 6*k**3 - 3*k**2 + 2*k - 2. Suppose -5*s - 5*i - 2 = 8, 5*s - i - 14 = 0. Let h be g(s). Calculate the highest common factor of 418 and h.
38
Let z(a) = 106*a - 143. Let i be z(6). What is the greatest common divisor of i and 29?
29
Let n = 624 - 574. Calculate the greatest common divisor of 80 and n.
10
Let c = -898 + 918. What is the highest common divisor of 30 and c?
10
Let c = -309 + 315. What is the greatest common factor of 468 and c?
6
Suppose -4*y + 3*y = -10. Let z(l) = -1 - 4 - 2*l**2 + 9*l**2 - 4*l**2 - y*l. Let w be z(7). What is the greatest common factor of w and 12?
12
Suppose 712 = 2*z + 4*m + 164, -4*z + 1108 = 5*m. Let r(w) = -7*w**2 - w - 6. Let h be r(5). Let k = z + h. Calculate the greatest common divisor of 12 and k.
12
Let d = 9 + -9. Suppose d = 5*f - 28 - 52. Let g be -3*(-1)/3 - (-23 - -8). Calculate the highest common factor of f and g.
16
Suppose 3*d = -3*y + 4*y + 12, 0 = 5*d - y - 18. Let k be d/((-3)/10)*108/(-8). Calculate the greatest common divisor of k and 15.
15
Let r(f) = 284*f**2 - 21*f + 19. Let t be r(1). Calculate the greatest common factor of t and 705.
141
Suppose -14*k = 43 - 1. Suppose -2 = 2*y - y. Let t = y - k. What is the greatest common divisor of t and 2?
1
Suppose 6*g - 80 + 2 = 0. Suppose 16*m = g*m + 30. Calculate the greatest common factor of m and 10.
10
Let w = 149 - -61. Suppose 6*x = -x + w. Let o(u) = 4*u**2 + 6*u + 5. Let b be o(-4). What is the highest common divisor of b and x?
15
Let t = 49 - 46. Suppose -12*n + 7*n + 105 = 0. What is the greatest common divisor of n and t?
3
Let r = -24 + 34. What is the greatest common divisor of r and 95?
5
Suppose o - 4*r + 17 = 5, -r + 24 = 5*o. Suppose 4*k + 88 = 4*c, 0 = 5*c + o*k + 58 - 168. Calculate the highest common divisor of 66 and c.
22
Suppose -20720 = 28*w - 48*w. Calculate the greatest common factor of 56 and w.
28
Suppose -9*q = -4*q + 2*v - 8906, -2*q = -4*v - 3572. Calculate the greatest common factor of q and 11.
11
Suppose -2*p - 302 = -82. Let z = -74 - p. Suppose -2*l - l + 2*b = -42, -4*l - 2*b + 42 = 0. What is the greatest common divisor of l and z?
12
Let w(k) = -k**3 + k**2 + 15. Let r be w(0). Let i be ((-225)/(-2))/(3/6). Calculate the highest common divisor of r and i.
15
Let w be -1 + 12/3 + 6. Suppose -w*j - 16 = -10*j. Suppose -4*d + j = -0*d, 0 = u + 5*d - 40. What is the greatest common divisor of 5 and u?
5
Let x = 36 - 18. Let b = 3 + x. Suppose 4*g + 2*i + 1 = 5, -4*i = 16. Calculate the highest common divisor of g and b.
3
Suppose t - 4*i = 131 + 54, 0 = -5*i - 20. Calculate the highest common factor of t and 39.
13
Let b(j) = -j**2 - 8*j - 7. Let v = 23 + -19. Suppose -v*g + g - 15 = 0. Let t be b(g). Calculate the highest common divisor of t and 4.
4
Let z be 1/(2/(-30))*372/(-155). Suppose 0 = -2*f, 4*n + 0*f = -5*f + 144. Calculate the greatest common divisor of n and z.
36
Let r be 195/21 + 2/(-7). Let y = -7 + r. Suppose 5*v + y = 6*v. What is the greatest common factor of v and 2?
2
Let p = -28 - -39. Let l be 2/1 + (-194)/(-2). Calculate the highest common divisor of p and l.
11
Let m(a) = -3*a**2 - 188*a - 102. Let o be m(-62). Let y be (-3966)/(-9) - (-4)/(-6). Suppose 5*h - h = y. What is the greatest common divisor of o and h?
22
Let k be (-2492)/(-70) + 24/(-15) + 2. What is the highest common factor of 156 and k?
12
Let n be 5/(-4)*-3*4. Let m(v) = -236*v + 1581. Let g be m(6). Calculate the highest common divisor of n and g.
15
Suppose -3*b + 4 = -2*u, 0 = 2*u - 4*u - 3*b + 20. Suppose -5*f + 63 = u*f. What is the highest common divisor of f and 3?
1
Suppose 22 = 4*m + 10. Suppose 0 = 3*j - 18 - m. What is the greatest common divisor of j and 21?
7
Suppose 0*p + 5*p + 5*r - 35 = 0, 5*p - 2*r = 42. What is the highest common divisor of p and 64?
8
Suppose -3*z + 257 = -2*l, 3*z - 5*l = -0*z + 260. What is the greatest common divisor of z and 51?
17
Let o = -35 - -112. What is the greatest common factor of 44 and o?
11
Let n(v) = v**3 - 6*v**2 + 6*v - 5. Let b be n(5). Suppose 3*o = -3*j + 60, b = j - o - o - 5. Calculate the highest common factor of 6 and j.
3
Let x be ((-147)/35 - -5)*110/(-2). Let d be x*3/(-12) - 2/1. What is the greatest common divisor of 36 and d?
9
Suppose 2*n = -3*b + 170, 6*n = 8*n - 2. What is the greatest common divisor of 8 and b?
8
Suppose -5*d - 2256 = -13*d. Calculate the greatest common factor of 94 and d.
94
Let p be (2/3)/((-8)/(-12) - 286/440). Suppose 4*h = 3*m - 7*m + 44, -3*m - 7 = -h. Calculate the highest common divisor of h and p.
10
Let t be 1/(-3) - (-336)/9 - -3. Calculate the greatest common divisor of 920 and t.
40
Suppose 5*u + 3 = 6*u. Let l be 13 - (7 - (7 + -4)). Suppose -l = -u*n + 12. Calculate the greatest common divisor of n and 63.
7
Let r = 167 + -507. Let g = 500 + r. Calculate the highest common divisor of 16 and g.
16
Let d(j) = -j**3 - 5*j**2 + 7*j + 24. Let b be d(-9). Calculate the greatest common divisor of b and 15.
15
Suppose 6*j + 8 = 7*j. Suppose 38 = -4*h + 102. Calculate the highest common factor of h and j.
8
Let u = 253 + -108. Calculate the greatest common factor of 116 and u.
29
Suppose -4*r + 0 = 3*s + 2, 0 = 4*s + 4*r. Calculate the greatest common factor of s and 36.
2
Suppose -2*n - n = -93. Suppose 2*x + 3 = 4*y + 13, -2*y + n = 3*x. Calculate the highest common factor of x and 45.
9
Suppose 3*a + 15 = 105. Suppose -4*z + 8 = -0. Let j(n) = 12*n**2 - 2*n + 1. Let r be j(z). What is the highest common divisor of a and r?
15
Suppose 30*c = 15*c + 600. What is the highest common divisor of 30 and c?
10
Suppose 0 = -3*j + 4*a + 4, 2*j + 3*a + 6 = 5*j. Suppose -j*c + c + 180 = 0. Let w = 3 + c. Calculate the highest common divisor of 9 and w.
9
Let b be (-10 - (-1216)/112)/((-1)/(-42)). Calculate the greatest common divisor of 45 and b.
9
Suppose 2*z = 10, -5*a - 2*z = -4*z - 195. Suppose 0 = 5*c - 0*c - p - a, -2*p = 3*c - 22. Calculate the greatest common divisor of 12 and c.
4
Let r be (-38*8/(-32))/((-5)/(-1130)). What is the highest common factor of r and 19?
19
Let o = 17 - 10. Let n be (4 - 0) + 2/(4/90). Calculate the greatest common factor of n and o.
7
Let o be (-55)/(121/(-11)) + (38 - 1). Let p(r) = -4*r - 1. Let q be p(-4). Let n be (-426)/(-15) + (-6)/q. Calculate the highest common factor of o and n.
14
Let j = -20 - -28. Let f = 50 - j. Let o be -3 + 2 + 3 - -12. Calculate the highest common divisor of o and f.
14
Let v = 112 + -77. Suppose -h - 271 = -v. Let g be 2/10 - h/20. Calculate the greatest common factor of 48 and g.
12
Let n = -2 + 9. Suppose 3*v + 0*v = 378. Suppose -10*y + n*y + v = 0. What is the greatest common divisor of y and 14?
14
Let g = 53 - 32. Let a(k) = k**2 + 7*k + 10. Let y be a(-4). Let h be 112/32 - y/(-4). What is the highest common factor of h and g?
3
Let i(c) = -3*c**3 + c**2 + 2*c. Let k be i(-2). Suppose -3*y = -6*p + 2*p - 40, 3*y = 3*p + 36. What is the greatest common divisor of k and y?
8
Let y(a) = a**3 + 2*a**2 - 6*a + 5. Let b be y(-4). Let p = b + 12. Calculate the greatest common factor of p and 90.
9
Suppose 11*b + 51 = 678. Calculate the highest common factor of 95 and b.
19
Suppose -2*v + 454 = -2*f, 0 = -9*v + 6*v + 4*f + 677. What is the highest common factor of 22 and v?
11
Let v(f) = -15*f + 169. Let d be v(8). Let h = -40 + 54. Calculate the highest common divisor of d and h.
7
Suppose -1910 = -3*z + 2*v - 